+ 23, 4*k + 12 = -2*x. What are the prime factors of x/((-24)/(-274))*-10?
5, 137
Let k = 251 - 123. Suppose -v - 5*z = -2*z - k, -4*z = 16. List the prime factors of v.
2, 5, 7
Suppose -9*i = -10*i + 21*i - 108040. List the prime factors of i.
2, 37, 73
Let w = 59 - 53. Let p be 2*(-2 + 27/w). What are the prime factors of 233 + (3 - (p + 3))?
2, 3, 19
Let k(w) = -w**2 - 7*w + 14. Let i be k(-7). Let x be 828/(-28) + (-6)/i. Let u = 66 + x. List the prime factors of u.
2, 3
Let r(d) = -d**3 + 11*d**2 - 11*d + 1. Let p be (-56)/(-24)*3/1. Let f be (-7)/p + (-10)/(-1). What are the prime factors of r(f)?
2
What are the prime factors of 6/(-2)*(50248/(-12) + 9)?
5, 23, 109
Let r(v) = 320*v**3 + 3*v**2 + 11*v - 15. List the prime factors of r(4).
61, 337
Let c be 1/(7/(-16622 - -4)). Let f = c + 3816. What are the prime factors of f?
2, 7, 103
Let t be (-2 + (-65)/(-5))/((-2)/68). Let x = -212 - t. Suppose 0 = 5*r + x - 542. What are the prime factors of r?
2, 19
List the prime factors of (6 + 1326/(-52))*4846/(-3).
13, 2423
Suppose -w - 11 = -3*t, 3*w + 9 + 16 = 5*t. Suppose -u - 37 = 5*h - 140, 5*h = 3*u - 389. Suppose -u = -i - t*i. What are the prime factors of i?
41
Suppose -650*c + 632*c + 96228 = 0. List the prime factors of c.
2, 3, 11
Let y(f) = -113*f - 3. Suppose 0 = 3*m + 3, -b - 2*m - 6 + 2 = 0. What are the prime factors of y(b)?
223
Let w = 119 - 114. Suppose 0 = 6*r + w*r - 1012. What are the prime factors of r?
2, 23
Suppose 4*k + 1112 = 11*k - 2248. What are the prime factors of k?
2, 3, 5
Suppose -7*t - 1996 - 286 = 0. Let c = t + 680. What are the prime factors of c?
2, 3, 59
Let j(b) = -b**2 + b + 3. Let s be -3 - (-52)/8 - (-1)/(-2). Let n be j(s). List the prime factors of (n - 0 - -114)*2/6.
37
Suppose -34*u = -29*u - 50. Suppose 8 = 2*o + 3*h - u, 5*o + 5*h - 35 = 0. What are the prime factors of -13 - -22 - o*-1?
2, 3
Suppose -183*a = -234*a + 342210. What are the prime factors of a?
2, 5, 11, 61
Suppose -208 = -2*b - 4*q, -5*b = -5*q + q - 520. Let m = -89 + b. What are the prime factors of m?
3, 5
Let x = -602 - -416. What are the prime factors of (1395/x)/(-1 - (-257)/260)?
2, 5, 13
What are the prime factors of ((-12)/(300/5))/(2/(-324970))?
32497
Suppose 0 = -4025*y + 4135*y - 4301770. List the prime factors of y.
39107
Suppose 4*n - 9429 = 2*j + 7, 4*n = j + 9434. List the prime factors of n.
2, 3, 131
Suppose 8267 = 2*j - 5*v - 13416, -5*j + 54260 = -2*v. List the prime factors of j.
2, 3, 67
Let n(d) = 5*d**2 + 9*d + 13. Suppose 5*y = 3*u + 51, 4*y - 6 - 20 = -5*u. List the prime factors of n(y).
499
Let p(q) = -q**3 - 6*q**2 - 7*q + 12. Let v be p(-6). Suppose 0 = 4*o + 2*a - v, -5*o + a - 14 = -85. Suppose 11*c - o*c = -189. List the prime factors of c.
3, 7
Suppose -54*x - 3237 = -57*x. Suppose -x - 3451 = -10*i. What are the prime factors of i?
3, 151
Let c(p) = p**2 + p + 5. Let o(n) = -n**3 - 2*n**2 + 7*n - 8. Let k be o(-4). What are the prime factors of c(k)?
17
What are the prime factors of 6718452/124 - 108/1674?
54181
Let d = 29754 - 5178. What are the prime factors of d?
2, 3
Let d(h) = 6*h - 3. Let s be d(4). Suppose -3*z - s = -0*z. Let j(q) = 2*q**2 - 22*q + 8. What are the prime factors of j(z)?
2, 5, 13
Suppose 0 = 1171*y - 1164*y - 36967. What are the prime factors of y?
5281
Let b(h) be the second derivative of -419*h**5/20 - h**4/12 - 3*h**3/2 - 7*h**2/2 + 35*h + 1. What are the prime factors of b(-1)?
2, 3, 5, 7
Let f(m) = 2*m**2 + 61*m - 28. Let j be f(-31). Let x be 5*(0 - -2 - -2). List the prime factors of x/(j + 34/(-12)).
2, 3, 5
Let z = 45348 + 2004. List the prime factors of z.
2, 3, 1973
Suppose -5*x + 10 = 0, 0 = 3*n - 6*n + 4*x - 4268. Let l = 2512 + n. List the prime factors of (l/5)/3 + (-1)/(-5).
73
Let x(c) = -31*c + 8*c**2 + 6*c**2 + 100 + 5*c**2 - 3*c**2. List the prime factors of x(5).
3, 5, 23
Let n be (4 - 2) + (9 - 56/8). Suppose a = -2*x - 3*x + 345, -n*x - 336 = -a. What are the prime factors of a?
2, 5, 17
Suppose 0 = -5*h + 5 + 5. Suppose 0 = d + w + 4*w - 12, -h*w + 15 = -3*d. What are the prime factors of (0 - (43 + d))/(2/(-9))?
2, 3, 5
Suppose 233 = -10*b + 3683. Let l = b - -40. What are the prime factors of l?
5, 7, 11
Suppose 0 = 2*o + 4*o - 174. Let m = -25 + o. List the prime factors of 186/m - 3/(-2).
2, 3
Let a = 5262 + -1812. What are the prime factors of a?
2, 3, 5, 23
Let r(s) = s**2 + 6*s + 7. Let t be r(-8). Suppose 5*j = -13 + t. Suppose j*z + 3*d + 2 = 0, 4*z + z - 4*d - 18 = 0. What are the prime factors of z?
2
Let v = -357 + 352. Let y(u) = -94*u - 32. List the prime factors of y(v).
2, 3, 73
Suppose -4*c + 7*f = 12*f - 2114, -1582 = -3*c - 2*f. Let d be (2 + -338)/(-4) + -2. Suppose 0 = 4*v - c + d. List the prime factors of v.
3, 37
List the prime factors of (-9144288)/(-1224) - 15/(-85).
31, 241
Suppose 9*d = 97*d - 5816712. What are the prime factors of d?
3, 11, 2003
Let h = -152 - -154. Suppose 4 = 4*f - 3*f. Suppose 222 = f*v - 2*c, c = -2*v - h*v + 231. What are the prime factors of v?
3, 19
What are the prime factors of (135/(-18) - -5)*(-5540 + 4 + 2)?
5, 2767
Let t(g) = g**2 + 4*g - 12. Let n be t(-6). Suppose n = 3*m + 3*c - 357, -2*m + 4*m = -4*c + 240. What are the prime factors of m?
2, 59
Suppose -5*c + 4*n = -22866 - 8577, -2*c + 12572 = n. What are the prime factors of c?
6287
Let q = 317 - 454. Let r = 706 - q. What are the prime factors of r?
3, 281
What are the prime factors of ((-20358)/87)/((-1)/45)?
2, 3, 5, 13
Let k(f) = 2*f**3 - 33*f**2 + 15*f + 20. Let m be k(16). Suppose m*x - 2288 = -4*d, -793 = -3*d - x + 915. List the prime factors of d.
2, 71
Let j(x) = 6*x**3 + 47*x**2 - 15*x - 11. What are the prime factors of j(-5)?
3, 163
Suppose -3*c + 4*x = -46591, -5*c - 4*x = -2*c - 46631. What are the prime factors of c?
3, 5179
Let i(j) = 8*j**2 - 72*j + 159. List the prime factors of i(33).
3, 5, 433
Let m = -1199 - -625. Let z = m - -1424. What are the prime factors of z?
2, 5, 17
Suppose -1 = t + 3, t = 2*n - 10. Suppose 990 = h + 2*k + 72, 0 = n*k. What are the prime factors of h?
2, 3, 17
Let v(k) be the third derivative of -k**6/120 - 23*k**5/60 - 17*k**4/8 - 6*k**3 - 87*k**2 + 2. List the prime factors of v(-24).
2, 3, 7
Suppose 0 = -2*n + 7 + 43. Let p = -20 + n. What are the prime factors of 6/(-3) + p*15 - -1?
2, 37
Suppose 457537 = 184*v - 135*v - 491642. What are the prime factors of v?
3, 11, 587
Let w = -72 - -160. Suppose -2*c - f + 1 + 87 = 0, -5*f = 2*c - w. List the prime factors of c.
2, 11
Suppose -208372 = 12*z - 112*z + 274528. List the prime factors of z.
11, 439
Suppose -755424 = -263*r + 177*r. List the prime factors of r.
2, 3, 61
Let x(c) = 139*c + 1605. List the prime factors of x(81).
2, 3, 67
Let u = -54 - -54. Suppose -24 = -3*f - u*f. What are the prime factors of (f/8)/(2/298)?
149
What are the prime factors of -7*(-2)/(-10)*-1985?
7, 397
Let i be -5 - -2*6/4. Let c(l) = -57*l**3 - 3*l - 1. Let w be c(i). Suppose -y - 3*y = 3*v - 455, 2*y = 3*v - w. What are the prime factors of v?
3, 17
Suppose 4*b + 9 + 71 = 0. Let u(m) = m**3 + 21*m**2 + 15*m + 22. Let s be u(b). Suppose 3*z + s = 4*z. List the prime factors of z.
2, 61
Suppose 0 = 38*n - 33*n - 20. Suppose -4 = -2*z, -n*m = -0*z - 4*z - 1952. List the prime factors of m.
2, 5, 7
Suppose 2*n - 910 - 328 = -2*s, -2*n - 3053 = -5*s. What are the prime factors of s?
613
Let n(m) = 127*m + 517. What are the prime factors of n(24)?
5, 23, 31
Let d(b) = b**3 - 2*b**2 + 3*b - 3. Let g be d(2). Suppose -4*p + 58 = g*o, 0*o = 4*p - 4*o - 72. List the prime factors of (13260/p)/5 - (-1)/4.
2, 83
Let t(g) = g. Let b(h) = 28*h + 13. Let z(j) = -b(j) + 6*t(j). Suppose 47*d + 60 = 41*d - 6. List the prime factors of z(d).
229
Let i = 67548 - 45574. What are the prime factors of i?
2, 10987
Suppose 4*d - 25 = -n, -4*n + 3*d - 66 = -7*n. Suppose 17 = 4*z + n. What are the prime factors of ((0 - 0) + -74)*(-2 - z)?
2, 37
Suppose -3*r + 25313 = -5*m, 20*r - 4*m + 42102 = 25*r. What are the prime factors of r?
2, 11, 383
Suppose 0*f - 5*f + 49 = -2*a, -4*f + 32 = 2*a. Suppose f*p - 11*p + 758 = 0. What are the prime factors of p?
379
List the prime factors of 301770/8 + -15*18/216.
2, 5, 23, 41
Let c(g) = 64*g**2 - 8*g - 21. Suppose -23*b - 16 - 30 = 